 -c - 11. Let b(s) = -11*s + 15. Let k be b(2). What is f(k)?
-4
Let p(o) = -3*o**2. Suppose 0*q - q - 9 = 0. Let s = q + 13. Let h be (2/4)/((-2)/s). Calculate p(h).
-3
Let h(t) = -12*t - 1. Let z = 32 - 33. Determine h(z).
11
Let c(w) be the first derivative of -w**3/3 + 2*w**2 - 6*w - 12. Calculate c(4).
-6
Let d(s) be the first derivative of s**3/3 - 3*s**2 + 4*s - 2. What is d(5)?
-1
Let a = 23 - 29. Let w(j) = -j - 1. What is w(a)?
5
Let v(h) be the third derivative of -h**4/12 + 4*h**3/3 + 27*h**2. What is v(-6)?
20
Let x(t) = -t**2 - t - 4. Let j(u) = -3 - 3 + 5 + 2. Let f(d) = 4*j(d) + x(d). Calculate f(-2).
-2
Let s(f) = -f**2 - f - 8. Let z be 9/(1 - 4) + 6. Suppose 5*c - 22 = -j, 0*c = 2*c + 3*j - 1. Suppose -z*y + c*y = 0. Calculate s(y).
-8
Let w(c) = -13*c - 3. Let y(d) = -3*d - 1. Let n(b) = -2*w(b) + 9*y(b). Give n(-6).
3
Suppose j - 6 = -3*a, -4*a + 23 = 3*j - 0*a. Let i(k) = 7*k + 6. Let z(s) = 15*s + 13. Let y(h) = j*i(h) - 4*z(h). Give y(-2).
-4
Let y = 11 + -8. Let n(j) be the second derivative of -1/6*j**3 + y*j**2 + 1/20*j**5 - 1/12*j**4 - 3*j + 0. What is n(0)?
6
Let v(i) = -2*i**2 - 6*i - 1. Let m(t) = -5*t**3 + 2*t - 1. Let p be m(1). What is v(p)?
-9
Let x(s) = 0*s - s**3 + 3*s + s - s**2. Let j be x(-3). Let u(v) = 2*v - 9. Calculate u(j).
3
Let p = 7 - 5. Let i(b) = -12*b**2 + 11*b**2 + 68 - 71 + 4*b. Determine i(p).
1
Let o = -2 + 2. Let h(m) = o*m**2 + 3 + m**2 + 8*m + 2*m**2 - 2*m**2. Give h(-7).
-4
Let j(f) = 2*f + 0*f**2 + 2*f**2 - f**2 - 5. Let m be (0 - -1) + 1 - 6. Calculate j(m).
3
Let o = 49 + -48. Let k(f) = -14*f - 1. Determine k(o).
-15
Let d(f) be the second derivative of -f**2 - 1/30*f**5 + 0 + 2*f + 1/6*f**4 - 1/3*f**3. Let p(u) be the first derivative of d(u). Determine p(2).
-2
Let u(l) be the third derivative of -l**4/8 - 2*l**2. What is u(-3)?
9
Let f(l) = l. Let r(j) = -4*j - 1. Let h(s) = 6*f(s) + 2*r(s). Let o be (-18)/(-63)*7/1. Give h(o).
-6
Let u(g) be the third derivative of 3*g**2 + 0*g + 1/24*g**4 + 5/6*g**3 + 0. Give u(-5).
0
Let u(g) = 3*g**2 - 3*g + 3. Let q be -2*2/((-6)/(-3)). Let m be ((q - 0) + 1)*-2. Calculate u(m).
9
Let k(p) be the first derivative of -p**2/2 - p + 6. Determine k(-2).
1
Let s(v) = -3*v**2 - 3*v. Let b be (40/(-30))/(2/3). Give s(b).
-6
Let v(z) = -3*z**3 - z**2. Let y = -21 - -25. Suppose q + 4*w = -3*q - 4, -y*w = 0. What is v(q)?
2
Let u be 7*1 + -1 + -1. Let y = -3 + u. Suppose 3*r = y*m, 0 = 4*m - m + 5*r - 19. Let z(s) = -s**3 + 2*s**2 + 2*s + 1. Give z(m).
-2
Let t be -1 + ((-4)/4 - 0). Let l(y) = -2*y**3 - 2*y**2 - 2*y - 3. Give l(t).
9
Let z(w) be the third derivative of -w**5/60 + 5*w**4/24 - w**3/6 - 4*w**2. Let i be z(5). Let p(y) = -y + y**2 + 2*y**2 - 8*y**2. What is p(i)?
-4
Let v(q) = -q. Let d be (-10 + 14)*(-1)/1. Determine v(d).
4
Let u(j) = 2*j**3 + j - 3 + 24*j**2 - 28*j**2 + 3*j + 0*j. Give u(2).
5
Let q(c) = -c**3 - 5*c**2 + 5*c - 4. Let k be ((-1)/2)/(5/60). Let g be q(k). Let z(t) = -t**2 - t. What is z(g)?
-6
Suppose 4 = -3*a - 5. Let o(r) = r**2 - 1. Let z(q) = q**3 - q**2 - q + 7. Let s(v) = -4*o(v) - z(v). Calculate s(a).
-6
Let c(p) = -p + 1. Let n = 9 + -15. Let h be (6/(-4))/(n/(-16)). Calculate c(h).
5
Let u(f) = 0*f - 4*f + 2*f - 3. Suppose 0 = -d + 2*d. Suppose w - 3 = i, -i = 5*w - d*w + 15. Give u(w).
1
Let u(z) be the third derivative of 7*z**5/60 + z**4/24 - 6*z**2. Give u(1).
8
Let j(v) = 2*v - 6. Let c(h) = -6*h + 18. Let y(d) = -4*c(d) - 11*j(d). Let l(m) = -m**3 + 6*m**2 + m - 1. Let u be l(6). What is y(u)?
4
Let j(l) = 6*l**3 - 8*l**3 - 2*l**3 + 5*l**3 - 4*l - 1 + 2*l**2. What is j(-3)?
2
Let o(c) be the third derivative of -c**5/60 + c**4/3 - 2*c**3/3 - c**2. Let r be o(6). Let k be (12/16)/((-2)/r). Let l(p) = 2*p + 1. What is l(k)?
-5
Let k be 4/(-10) - (-240)/(-25). Let t be (-4)/(-10) + 54/k. Let p(y) = -y - 6. Determine p(t).
-1
Suppose 13*z - 32 = 9*z. Let k(x) = x**2 - 9*x + 1. What is k(z)?
-7
Let n(b) = b**2 - 5*b - 2. Let u be 2 + -3 - (-1 + 0). Suppose -v + 3*z + 12 = -u*v, 0 = -v + 2*z + 10. Determine n(v).
4
Let n(k) = k - 1. Let p(d) = -5 + 6*d - 5*d + 12*d. Let r(x) = -6*n(x) + p(x). Calculate r(-1).
-6
Let l(k) = -2*k - 2*k**2 + k - 2*k - k**2 - k**3 - 3. Suppose 5*i = i - 8. Determine l(i).
-1
Let y(n) be the first derivative of 3*n**2/2 - 2*n - 6. What is y(3)?
7
Let k(l) be the second derivative of l**3/6 + l**2/2 + 2*l. Suppose -17 = d - 5*d - 5*g, -4*d - 4*g + 16 = 0. Give k(d).
4
Suppose d - 4*d - 21 = 0. Let t = d + 9. Let m be (t/(-6))/((-2)/6). Let r(g) = -4*g**2 + 1. Give r(m).
-3
Let o(m) = -3*m - 6. Suppose -7*g = -g + 24. Calculate o(g).
6
Let b(f) be the second derivative of f**4/12 + 5*f. Let p be (3/(-2))/3*-4. Let h be (-1)/p + (-3)/2. What is b(h)?
4
Let n(c) = c**3 - 5*c**2 + 2*c + 4. Let h = -11 - -8. Let v be 21/6 - h/6. Determine n(v).
-4
Suppose -5*x - 12 = -x. Let s(w) be the second derivative of w**2 + 0 - 1/6*w**3 + 2*w. Determine s(x).
5
Let i(s) = 0*s**2 - 4 - s**2 + 3*s + 2. Let g be i(2). Let m(k) = -k**2 + k + 1. What is m(g)?
1
Let g = -164 + 166. Let v(m) = -14*m + 3. Calculate v(g).
-25
Let b be (-12)/(-20) - (-12)/5. Let h(q) = -3*q**2 - 2 + 0 + 7*q**3 - 6*q**b + q**2. What is h(2)?
-2
Let q be 5/(-75)*-6*-20. Let k(x) = x**2 + 8*x + 5. What is k(q)?
5
Let l(i) = i**3 + 12*i**2 + 12*i + 15. Let k be l(-11). Let v(c) = c**2 - 6*c. What is v(k)?
-8
Let y(u) = u**3 - 9*u**2 + 13*u + 1. Let s be y(7). Let h(a) = a**3 + 5*a**2 - 6*a + 5. Calculate h(s).
5
Let p(u) = u**3 + u**2 + 8*u + 3*u**2 - 32 + 4*u**2 + 40. Let b be p(-7). Let a(w) = -4*w**2 + 1. Give a(b).
-3
Let t(z) = 2*z**2 - 3*z - 1. Suppose 2*f = -3*f + h + 6, 4*f = 5*h - 12. Suppose -f + 0 = q. Calculate t(q).
13
Let g(f) = -54*f**3 + 111*f**3 + 0 + 1 - 56*f**3. Calculate g(-2).
-7
Let l(f) = 3*f + 2. Let w be 1*(1 + 2 - 3). Let v = 2 + w. Determine l(v).
8
Let i(p) = 2*p**2 - 2*p - 9. Let v(z) = -2*z**2 + 2*z + 8. Let k(q) = 5*i(q) + 6*v(q). Calculate k(-2).
-9
Let h(g) = -2*g - 2. Let y be h(1). Let v(j) = j**2 + 2*j - 2. What is v(y)?
6
Let g(n) be the first derivative of 5*n**2/2 + 2*n - 2. Suppose -5*s - b = -50, -4*s = b + 8 - 48. Suppose z + 3*z - s = -3*u, 0 = -3*u + 5*z - 26. Give g(u).
-8
Suppose -5*x + 2*r = -19, -28 = -5*x - 0*x - r. Let k(v) be the third derivative of v**5/60 - v**4/8 - v**3/3 - 203*v**2. Determine k(x).
8
Let n(t) = t**2 - 3*t - 4. Let a be n(5). Let u(i) = -i**3 - 13*i**2 + 2*i + 3. Let k(v) = -v**2 + v. Let x(c) = a*k(c) - u(c). Calculate x(-6).
9
Let k(f) = -f**3 + 2*f**2 + 2*f - 3. Suppose -28*t = -30*t + 4. Give k(t).
1
Let z(q) = -2*q**2 - q - 1. Let m(l) = -l**2 - 2*l - 1. Let p be m(-1). Let k be (-3 - (0 - p)) + 7. Suppose -k = 3*s + s. Determine z(s).
-2
Let p(n) = 2*n**3 + 3*n**3 - n - 1 + 0*n. Let a = -1 - 0. Give p(a).
-5
Let p(u) = -u**2 + 4*u - 5. Let w(l) = 12*l - 3*l - 12 - 1 + 3 - l**2. Let d be w(7). Give p(d).
-5
Let l(v) = 2*v**2 + 3*v + 6. Let m(j) = 3*j**2 + 5*j + 15. Let p(x) = 3*x**2 + 5*x + 14. Let k(r) = 2*m(r) - 3*p(r). Let o(n) = -3*k(n) - 5*l(n). What is o(0)?
6
Let j(a) = -4*a - a**2 + 5*a + a - 3*a. What is j(0)?
0
Let c(l) = 1 + 2 + 2 - l. Determine c(3).
2
Let i(f) be the second derivative of -f**5/20 - f**4/12 + f**3/6 + f**2/2 - 5*f. Calculate i(-2).
3
Let m(w) be the second derivative of w**3/6 - 3*w**2/2 - 7*w. What is m(-5)?
-8
Let c(a) = 0*a + 12 + 0*a + a. Determine c(0).
12
Suppose 8 = -u + 5*u. Let g(o) = 3*o - 5*o + 2 + o + u*o. What is g(-2)?
0
Let o(n) = -n**3 - 5*n**2 - 4*n - 6. Let h be o(-4). Let i(m) = -m - 2. What is i(h)?
4
Let n = -7 - -4. Let f(k) = -3*k**3 + 3*k**2 + k + 2. Let v(y) = 4*y**3 - 4*y**2 - 2*y - 3. Let h(w) = n*f(w) - 2*v(w). Determine h(0).
0
Let j = -18 - -23. Let n(l) = j*l + l + 4*l**2 - 8*l + l**2 - 2. Determine n(2).
14
Let x = 0 - -2. Let m(d) = d - x*d**2 - 1 + 2*d - 3*d. What is m(1)?
-3
Suppose -2*n + 0*l - 5*l - 9 = 0, -3*n + 5*l = -24. Let k(t) = n + 2*t - 6*t - 1. Let r = -18 - -20. Determine k(r).
-6
Let x(n) be the second derivative of -n**3/2 - n**2/2 + n - 1. Calculate x(1).
-4
Let s(k) be the third derivative of -k**4/12 - k**3 + 11*k**2. Calculate s(-4).
2
Let s = 2 - 2. Let n(d) = -d**3 - d**2 + 2. Let b be n(s). Let z(v) = -3*v**2 - 5*v + v**3 - v**3 - v**3 + b*v**3 - 3. Determine z(4)